{"id":165,"date":"2022-01-21T17:26:43","date_gmt":"2022-01-21T16:26:43","guid":{"rendered":"http:\/\/wascon.pl\/?page_id=165"},"modified":"2022-02-17T17:51:35","modified_gmt":"2022-02-17T16:51:35","slug":"szkolenia","status":"publish","type":"page","link":"http:\/\/wascon.pl\/?page_id=165","title":{"rendered":"Programowanie"},"content":{"rendered":"\t\t<div data-elementor-type=\"wp-page\" data-elementor-id=\"165\" class=\"elementor elementor-165\" data-elementor-settings=\"[]\">\n\t\t\t\t\t\t\t<div class=\"elementor-section-wrap\">\n\t\t\t\t\t\t\t<section class=\"elementor-section elementor-top-section elementor-element elementor-element-d2f0c53 elementor-section-boxed elementor-section-height-default elementor-section-height-default\" data-id=\"d2f0c53\" data-element_type=\"section\">\n\t\t\t\t\t\t<div class=\"elementor-container elementor-column-gap-default\">\n\t\t\t\t\t<div class=\"elementor-column elementor-col-100 elementor-top-column elementor-element elementor-element-d3dbba1\" data-id=\"d3dbba1\" data-element_type=\"column\" data-settings=\"{&quot;background_background&quot;:&quot;classic&quot;}\">\n\t\t\t<div class=\"elementor-widget-wrap elementor-element-populated\">\n\t\t\t\t\t\t\t\t<div class=\"elementor-element elementor-element-5fd6df4 elementor-widget elementor-widget-text-editor\" data-id=\"5fd6df4\" data-element_type=\"widget\" data-widget_type=\"text-editor.default\">\n\t\t\t\t<div class=\"elementor-widget-container\">\n\t\t\t<style>\/*! elementor - v3.5.3 - 28-12-2021 *\/\n.elementor-widget-text-editor.elementor-drop-cap-view-stacked .elementor-drop-cap{background-color:#818a91;color:#fff}.elementor-widget-text-editor.elementor-drop-cap-view-framed .elementor-drop-cap{color:#818a91;border:3px solid;background-color:transparent}.elementor-widget-text-editor:not(.elementor-drop-cap-view-default) .elementor-drop-cap{margin-top:8px}.elementor-widget-text-editor:not(.elementor-drop-cap-view-default) .elementor-drop-cap-letter{width:1em;height:1em}.elementor-widget-text-editor .elementor-drop-cap{float:left;text-align:center;line-height:1;font-size:50px}.elementor-widget-text-editor .elementor-drop-cap-letter{display:inline-block}<\/style>\t\t\t\t<h2>Programowanie<\/h2>\t\t\t\t\t\t<\/div>\n\t\t\t\t<\/div>\n\t\t\t\t<div class=\"elementor-element elementor-element-e1190ab elementor-widget elementor-widget-text-editor\" data-id=\"e1190ab\" data-element_type=\"widget\" data-widget_type=\"text-editor.default\">\n\t\t\t\t<div class=\"elementor-widget-container\">\n\t\t\t\t\t\t\t<p>Programowanie komponent\u00f3w automatyki przemys\u0142owej to przede wszystkim nasza pasja. Programujemy maszyny, linie oraz stanowiska robotyczne w opcjach wymienionych poni\u017cej:<\/p>\n<h5><strong>Programowanie kompleksowe<\/strong><\/h5>\n<p>Jeste\u015bmy w stanie zaprogramowa\u0107 wszystkie komponenty automatyki przemys\u0142owej wyst\u0119puj\u0105ce w projekcie. W porozumieniu z technologiem, konstruktorem lub inn\u0105 osob\u0105 przenosimy my\u015bl koncepcyjn\u0105 na program uruchamiaj\u0105c tym samym oczekiwan\u0105 funkcjonalno\u015b\u0107. Bierzemy czynny udzia\u0142 w dyskusjach dotycz\u0105cych zainstalowanych lub sugerowanych komponent\u00f3w celem zmniejszenia ryzyk zwi\u0105zanych z ewentualnym brakiem mo\u017cliwo\u015bci implementacji wybranych funkcjonalno\u015bci.<\/p>\n<h5><strong>Programowanie wybi\u00f3rcze<\/strong><\/h5>\n<p>Cz\u0119sto uczestniczymy w projektach gdzie firmy przez wzgl\u0105d na du\u017ce ob\u0142o\u017cenie projektowe nie s\u0105 w stanie po\u015bwi\u0119ci\u0107 swoich zasob\u00f3w celem programowania wybranych funkcjonalno\u015bci sprz\u0119towych. Wtedy jeste\u015bmy w stanie zaprogramowa\u0107 projekt w wybranym zakresie. Przyk\u0142adowo je\u017celi klient posiada wykwalifikowan\u0105 kadr\u0119 w kontek\u015bcie programowania sterownik\u00f3w PLC a brakuje specjalist\u00f3w programowania robot\u00f3w przemys\u0142owych, system\u00f3w wizyjnych, uk\u0142ad\u00f3w serwonap\u0119dowych mo\u017cemy po\u0142\u0105czy\u0107 si\u0142y i zaprogramowa\u0107 uk\u0142ad wsp\u00f3lnie.<\/p>\n<h3><strong>Sprawd\u017a poni\u017cej co i jak programujemy !<\/strong><\/h3>\t\t\t\t\t\t<\/div>\n\t\t\t\t<\/div>\n\t\t\t\t\t<\/div>\n\t\t<\/div>\n\t\t\t\t\t\t\t<\/div>\n\t\t<\/section>\n\t\t\t\t<section class=\"elementor-section elementor-top-section elementor-element elementor-element-d0ac6ea elementor-section-boxed elementor-section-height-default elementor-section-height-default\" data-id=\"d0ac6ea\" data-element_type=\"section\">\n\t\t\t\t\t\t<div class=\"elementor-container elementor-column-gap-default\">\n\t\t\t\t\t<div class=\"elementor-column elementor-col-100 elementor-top-column elementor-element elementor-element-f5af6a6\" data-id=\"f5af6a6\" data-element_type=\"column\">\n\t\t\t<div class=\"elementor-widget-wrap elementor-element-populated\">\n\t\t\t\t\t\t\t\t<section class=\"elementor-section elementor-inner-section elementor-element elementor-element-e10c14a elementor-section-boxed elementor-section-height-default elementor-section-height-default\" data-id=\"e10c14a\" data-element_type=\"section\">\n\t\t\t\t\t\t<div class=\"elementor-container elementor-column-gap-default\">\n\t\t\t\t\t<div class=\"elementor-column elementor-col-50 elementor-inner-column elementor-element elementor-element-adacbc3\" data-id=\"adacbc3\" data-element_type=\"column\">\n\t\t\t<div class=\"elementor-widget-wrap elementor-element-populated\">\n\t\t\t\t\t\t\t\t<div class=\"elementor-element elementor-element-d91baff elementor-widget elementor-widget-text-editor\" data-id=\"d91baff\" data-element_type=\"widget\" data-widget_type=\"text-editor.default\">\n\t\t\t\t<div class=\"elementor-widget-container\">\n\t\t\t\t\t\t\t<h6>Sterowniki<strong> PLC<\/strong><\/h6><p>Dominuj\u0105cym j\u0119zykiem w naszej firmie jest j\u0119zyk ST. Jednak z naszego do\u015bwiadczenia wynika, \u017ce ST nie jest z\u0142otym \u015brodkiem i nie powinno si\u0119 stosowa\u0107 tego j\u0119zyka w pe\u0142nym zakresie projektu. Istniej\u0105\u00a0 fragmenty kodu, kt\u00f3re s\u0105 bardziej przejrzyste i intuicyjne kiedy s\u0105 pisane w Ladderze lub FBD. Dlatego mieszamy. Jednak trzymamy si\u0119 wypracowanego przez nas standardu. Jeste\u015bmy biegli w programowaniu sterownik\u00f3w takich firm jak <em><strong>Siemens, Omron, Mitsubishi Electric<\/strong><\/em>. Wchodzimy r\u00f3wnie\u017c w sterowanie <em><strong>Beckhoff<\/strong><\/em> oraz <em><strong>Allan Bradley<\/strong><\/em>.<\/p><p>Nie widzisz w powy\u017cszym zestawieniu swojego producenta ? Nie ma problemu ! Szybko odnajdujemy si\u0119 w nowym \u015brodowisku !<\/p>\t\t\t\t\t\t<\/div>\n\t\t\t\t<\/div>\n\t\t\t\t\t<\/div>\n\t\t<\/div>\n\t\t\t\t<div class=\"elementor-column elementor-col-50 elementor-inner-column elementor-element elementor-element-18386a3\" data-id=\"18386a3\" data-element_type=\"column\">\n\t\t\t<div class=\"elementor-widget-wrap elementor-element-populated\">\n\t\t\t\t\t\t\t\t<div class=\"elementor-element elementor-element-9819212 elementor-widget elementor-widget-text-editor\" data-id=\"9819212\" data-element_type=\"widget\" data-widget_type=\"text-editor.default\">\n\t\t\t\t<div class=\"elementor-widget-container\">\n\t\t\t\t\t\t\t<h6>Roboty Przemys\u0142owe<\/h6><p>Programy robot\u00f3w s\u0105 przez nas pisane w opracowanym standardzie, kt\u00f3ry jest efektem wieloletniej pracy z projektami realizowanymi na r\u00f3\u017cnych markach robot\u00f3w. Jeste\u015bmy w stanie zaprogramowa\u0107 robota kompleksowo czyli wszystkie dodatkowe peryferia, kt\u00f3re s\u0105 zwi\u0105zane z robotem. Podczas programowania anga\u017cujemy si\u0119 w proces produkcyjny wskazuj\u0105c na ewentualne modyfikacje element\u00f3w konstrukcyjnych oraz nowoczesne rozwi\u0105zania stosowane w robotyce.<\/p><p>Programujemy Roboty takich firm jak <em><strong>Kuka, Fanuc, Mitsubishi Electric, Abb.<\/strong><\/em><\/p>\t\t\t\t\t\t<\/div>\n\t\t\t\t<\/div>\n\t\t\t\t\t<\/div>\n\t\t<\/div>\n\t\t\t\t\t\t\t<\/div>\n\t\t<\/section>\n\t\t\t\t<section class=\"elementor-section elementor-inner-section elementor-element elementor-element-f748807 elementor-section-boxed elementor-section-height-default elementor-section-height-default\" data-id=\"f748807\" data-element_type=\"section\">\n\t\t\t\t\t\t<div class=\"elementor-container elementor-column-gap-default\">\n\t\t\t\t\t<div class=\"elementor-column elementor-col-50 elementor-inner-column elementor-element elementor-element-243a9c1\" data-id=\"243a9c1\" data-element_type=\"column\">\n\t\t\t<div class=\"elementor-widget-wrap elementor-element-populated\">\n\t\t\t\t\t\t\t\t<div class=\"elementor-element elementor-element-1b9ff01 elementor-widget elementor-widget-text-editor\" data-id=\"1b9ff01\" data-element_type=\"widget\" data-widget_type=\"text-editor.default\">\n\t\t\t\t<div class=\"elementor-widget-container\">\n\t\t\t\t\t\t\t<h6>Systemy Wizyjne<\/h6><p>Programujemy systemy wizyjne w zakresie zar\u00f3wno pe\u0142no funkcjonalnych kamer przemys\u0142owych jak i prostszych czytnik\u00f3w wizyjnych. Cz\u0119sto zdarza si\u0119, \u017ce wymagania stoj\u0105ce przed systemem wizyjnym zak\u0142adaj\u0105 prac\u0119 dla wielu r\u00f3\u017cnych detali\/format\u00f3w gdzie jeden program osadzony w kamerze nie jest wystarczaj\u0105cy. W takich przypadkach komunikujemy kamer\u0119 ze sterownikiem PLC lub robotem i programujemy ca\u0142\u0105 infrastruktur\u0119 po stronie mastera, kt\u00f3ra w \u0142atwy spos\u00f3b uruchamia kolejne sceny\/programy w kamerze, zazwyczaj poprzez protok\u00f3\u0142 sieci przemys\u0142owej.<\/p><p>Programujemy systemy wizyjne takich firm jak <em><strong>Cognex, Omron, Keyence.<\/strong><\/em><\/p>\t\t\t\t\t\t<\/div>\n\t\t\t\t<\/div>\n\t\t\t\t\t<\/div>\n\t\t<\/div>\n\t\t\t\t<div class=\"elementor-column elementor-col-50 elementor-inner-column elementor-element elementor-element-758d7bc\" data-id=\"758d7bc\" data-element_type=\"column\">\n\t\t\t<div class=\"elementor-widget-wrap elementor-element-populated\">\n\t\t\t\t\t\t\t\t<div class=\"elementor-element elementor-element-550a34f elementor-widget elementor-widget-text-editor\" data-id=\"550a34f\" data-element_type=\"widget\" data-widget_type=\"text-editor.default\">\n\t\t\t\t<div class=\"elementor-widget-container\">\n\t\t\t\t\t\t\t<h6>Panele HMI<\/h6><p>Traktujemy warstw\u0119 synoptyczn\u0105 jak wizyt\u00f3wk\u0119 ca\u0142ej maszyny. Dlatego zale\u017cy nam aby panele by\u0142y przejrzyste i spe\u0142nia\u0142y oczekiwania po stronie klienta ko\u0144cowego. Stawiamy przede wszystkim na przejrzysto\u015b\u0107, ergonomi\u0119.<\/p><p>Opr\u00f3cz producent\u00f3w paneli wymienionych w zak\u0142adce sterownik\u00f3w PLC tworzymy r\u00f3wnie\u017c panele takich firm jak <em><strong>Weintek, Pro-face.<\/strong><\/em><\/p>\t\t\t\t\t\t<\/div>\n\t\t\t\t<\/div>\n\t\t\t\t\t<\/div>\n\t\t<\/div>\n\t\t\t\t\t\t\t<\/div>\n\t\t<\/section>\n\t\t\t\t<section class=\"elementor-section elementor-inner-section elementor-element elementor-element-5f3a383 elementor-section-boxed elementor-section-height-default elementor-section-height-default\" data-id=\"5f3a383\" data-element_type=\"section\">\n\t\t\t\t\t\t<div class=\"elementor-container elementor-column-gap-default\">\n\t\t\t\t\t<div class=\"elementor-column elementor-col-50 elementor-inner-column elementor-element elementor-element-d927b18\" data-id=\"d927b18\" data-element_type=\"column\">\n\t\t\t<div class=\"elementor-widget-wrap elementor-element-populated\">\n\t\t\t\t\t\t\t\t<div class=\"elementor-element elementor-element-5001783 elementor-widget elementor-widget-text-editor\" data-id=\"5001783\" data-element_type=\"widget\" data-widget_type=\"text-editor.default\">\n\t\t\t\t<div class=\"elementor-widget-container\">\n\t\t\t\t\t\t\t<h6>Systemy nap\u0119dowe<\/h6><p>Realizujemy aplikacje w pe\u0142nym zakresie uk\u0142ad\u00f3w nap\u0119dowych od zaawansowanych funkcjonalno\u015bci uk\u0142ad\u00f3w serwonap\u0119dowych gdzie wszystkie nap\u0119dy dzia\u0142\u0105j\u0105 w trybie synchronicznym po najprostsze uk\u0142ady falownikowe poruszaj\u0105ce pojedy\u0144czymi transporterami. Anga\u017cujemy si\u0119 r\u00f3wnie\u017c w proces optymalnego doboru nap\u0119d\u00f3w w zale\u017cno\u015bci od wymiaga\u0144 aplikacji tak aby zakupiony sprz\u0119t by\u0142 dedykowany w zakresie mocy i funkcjonalno\u015bci dla danej aplikacji.<\/p><p>Opr\u00f3cz producent\u00f3w nap\u0119d\u00f3w wymienionych w zak\u0142adce sterownik\u00f3w PLC tworzymy r\u00f3wnie\u017c programy dla takich producent\u00f3w nap\u0119d\u00f3w jak <em><strong>Sew, Festo, Lenze.<\/strong> <\/em><\/p>\t\t\t\t\t\t<\/div>\n\t\t\t\t<\/div>\n\t\t\t\t\t<\/div>\n\t\t<\/div>\n\t\t\t\t<div class=\"elementor-column elementor-col-50 elementor-inner-column elementor-element elementor-element-6dac6a2\" data-id=\"6dac6a2\" data-element_type=\"column\">\n\t\t\t<div class=\"elementor-widget-wrap elementor-element-populated\">\n\t\t\t\t\t\t\t\t<div class=\"elementor-element elementor-element-48f72ac elementor-widget elementor-widget-text-editor\" data-id=\"48f72ac\" data-element_type=\"widget\" data-widget_type=\"text-editor.default\">\n\t\t\t\t<div class=\"elementor-widget-container\">\n\t\t\t\t\t\t\t<h6>\u00a0<\/h6>\t\t\t\t\t\t<\/div>\n\t\t\t\t<\/div>\n\t\t\t\t\t<\/div>\n\t\t<\/div>\n\t\t\t\t\t\t\t<\/div>\n\t\t<\/section>\n\t\t\t\t\t<\/div>\n\t\t<\/div>\n\t\t\t\t\t\t\t<\/div>\n\t\t<\/section>\n\t\t\t\t\t\t<\/div>\n\t\t\t\t\t<\/div>\n\t\t","protected":false},"excerpt":{"rendered":"<p>ProgramowanieProgramowanie komponent\u00f3w automatyki przemys\u0142owej to przede wszystkim nasza pasja. Programujemy maszyny, linie oraz stanowiska robotyczne w opcjach wymienionych poni\u017cej: Programowanie kompleksowe Jeste\u015bmy w stanie zaprogramowa\u0107 wszystkie komponenty automatyki przemys\u0142owej wyst\u0119puj\u0105ce w projekcie. W porozumieniu z technologiem, konstruktorem lub inn\u0105 osob\u0105 przenosimy my\u015bl koncepcyjn\u0105 na program uruchamiaj\u0105c tym samym oczekiwan\u0105 funkcjonalno\u015b\u0107. Bierzemy czynny udzia\u0142 w dyskusjach [&hellip;]<\/p>\n","protected":false},"author":1,"featured_media":0,"parent":0,"menu_order":0,"comment_status":"closed","ping_status":"closed","template":"","meta":{"_mi_skip_tracking":false,"footnotes":""},"class_list":["post-165","page","type-page","status-publish","hentry"],"acf":[],"yoast_head":"<!-- This site is optimized with the Yoast SEO plugin v17.9 - https:\/\/yoast.com\/wordpress\/plugins\/seo\/ -->\n<title>Programowanie - WASCON<\/title>\n<meta name=\"robots\" content=\"index, follow, max-snippet:-1, max-image-preview:large, max-video-preview:-1\" \/>\n<link rel=\"canonical\" href=\"http:\/\/wascon.pl\/?page_id=165\" \/>\n<meta property=\"og:locale\" content=\"pl_PL\" \/>\n<meta property=\"og:type\" content=\"article\" \/>\n<meta property=\"og:title\" content=\"Programowanie - WASCON\" \/>\n<meta property=\"og:description\" content=\"ProgramowanieProgramowanie komponent\u00f3w automatyki przemys\u0142owej to przede wszystkim nasza pasja. Programujemy maszyny, linie oraz stanowiska robotyczne w opcjach wymienionych poni\u017cej: Programowanie kompleksowe Jeste\u015bmy w stanie zaprogramowa\u0107 wszystkie komponenty automatyki przemys\u0142owej wyst\u0119puj\u0105ce w projekcie. W porozumieniu z technologiem, konstruktorem lub inn\u0105 osob\u0105 przenosimy my\u015bl koncepcyjn\u0105 na program uruchamiaj\u0105c tym samym oczekiwan\u0105 funkcjonalno\u015b\u0107. Bierzemy czynny udzia\u0142 w dyskusjach [&hellip;]\" \/>\n<meta property=\"og:url\" content=\"http:\/\/wascon.pl\/?page_id=165\" \/>\n<meta property=\"og:site_name\" content=\"WASCON\" \/>\n<meta property=\"article:modified_time\" content=\"2022-02-17T16:51:35+00:00\" \/>\n<meta name=\"twitter:card\" content=\"summary_large_image\" \/>\n<meta name=\"twitter:label1\" content=\"Szacowany czas czytania\" \/>\n\t<meta name=\"twitter:data1\" content=\"4 minuty\" \/>\n<script type=\"application\/ld+json\" class=\"yoast-schema-graph\">{\"@context\":\"https:\/\/schema.org\",\"@graph\":[{\"@type\":\"WebSite\",\"@id\":\"http:\/\/wascon.pl\/#website\",\"url\":\"http:\/\/wascon.pl\/\",\"name\":\"WASCON\",\"description\":\"Automatyka Przemyslowa\",\"potentialAction\":[{\"@type\":\"SearchAction\",\"target\":{\"@type\":\"EntryPoint\",\"urlTemplate\":\"http:\/\/wascon.pl\/?s={search_term_string}\"},\"query-input\":\"required name=search_term_string\"}],\"inLanguage\":\"pl-PL\"},{\"@type\":\"WebPage\",\"@id\":\"http:\/\/wascon.pl\/?page_id=165#webpage\",\"url\":\"http:\/\/wascon.pl\/?page_id=165\",\"name\":\"Programowanie - WASCON\",\"isPartOf\":{\"@id\":\"http:\/\/wascon.pl\/#website\"},\"datePublished\":\"2022-01-21T16:26:43+00:00\",\"dateModified\":\"2022-02-17T16:51:35+00:00\",\"breadcrumb\":{\"@id\":\"http:\/\/wascon.pl\/?page_id=165#breadcrumb\"},\"inLanguage\":\"pl-PL\",\"potentialAction\":[{\"@type\":\"ReadAction\",\"target\":[\"http:\/\/wascon.pl\/?page_id=165\"]}]},{\"@type\":\"BreadcrumbList\",\"@id\":\"http:\/\/wascon.pl\/?page_id=165#breadcrumb\",\"itemListElement\":[{\"@type\":\"ListItem\",\"position\":1,\"name\":\"Strona g\\u0142\\u00f3wna\",\"item\":\"http:\/\/wascon.pl\/\"},{\"@type\":\"ListItem\",\"position\":2,\"name\":\"Programowanie\"}]}]}<\/script>\n<!-- \/ Yoast SEO plugin. -->","yoast_head_json":{"title":"Programowanie - WASCON","robots":{"index":"index","follow":"follow","max-snippet":"max-snippet:-1","max-image-preview":"max-image-preview:large","max-video-preview":"max-video-preview:-1"},"canonical":"http:\/\/wascon.pl\/?page_id=165","og_locale":"pl_PL","og_type":"article","og_title":"Programowanie - WASCON","og_description":"ProgramowanieProgramowanie komponent\u00f3w automatyki przemys\u0142owej to przede wszystkim nasza pasja. Programujemy maszyny, linie oraz stanowiska robotyczne w opcjach wymienionych poni\u017cej: Programowanie kompleksowe Jeste\u015bmy w stanie zaprogramowa\u0107 wszystkie komponenty automatyki przemys\u0142owej wyst\u0119puj\u0105ce w projekcie. W porozumieniu z technologiem, konstruktorem lub inn\u0105 osob\u0105 przenosimy my\u015bl koncepcyjn\u0105 na program uruchamiaj\u0105c tym samym oczekiwan\u0105 funkcjonalno\u015b\u0107. Bierzemy czynny udzia\u0142 w dyskusjach [&hellip;]","og_url":"http:\/\/wascon.pl\/?page_id=165","og_site_name":"WASCON","article_modified_time":"2022-02-17T16:51:35+00:00","twitter_card":"summary_large_image","twitter_misc":{"Szacowany czas czytania":"4 minuty"},"schema":{"@context":"https:\/\/schema.org","@graph":[{"@type":"WebSite","@id":"http:\/\/wascon.pl\/#website","url":"http:\/\/wascon.pl\/","name":"WASCON","description":"Automatyka Przemyslowa","potentialAction":[{"@type":"SearchAction","target":{"@type":"EntryPoint","urlTemplate":"http:\/\/wascon.pl\/?s={search_term_string}"},"query-input":"required name=search_term_string"}],"inLanguage":"pl-PL"},{"@type":"WebPage","@id":"http:\/\/wascon.pl\/?page_id=165#webpage","url":"http:\/\/wascon.pl\/?page_id=165","name":"Programowanie - WASCON","isPartOf":{"@id":"http:\/\/wascon.pl\/#website"},"datePublished":"2022-01-21T16:26:43+00:00","dateModified":"2022-02-17T16:51:35+00:00","breadcrumb":{"@id":"http:\/\/wascon.pl\/?page_id=165#breadcrumb"},"inLanguage":"pl-PL","potentialAction":[{"@type":"ReadAction","target":["http:\/\/wascon.pl\/?page_id=165"]}]},{"@type":"BreadcrumbList","@id":"http:\/\/wascon.pl\/?page_id=165#breadcrumb","itemListElement":[{"@type":"ListItem","position":1,"name":"Strona g\u0142\u00f3wna","item":"http:\/\/wascon.pl\/"},{"@type":"ListItem","position":2,"name":"Programowanie"}]}]}},"_links":{"self":[{"href":"http:\/\/wascon.pl\/index.php?rest_route=\/wp\/v2\/pages\/165","targetHints":{"allow":["GET"]}}],"collection":[{"href":"http:\/\/wascon.pl\/index.php?rest_route=\/wp\/v2\/pages"}],"about":[{"href":"http:\/\/wascon.pl\/index.php?rest_route=\/wp\/v2\/types\/page"}],"author":[{"embeddable":true,"href":"http:\/\/wascon.pl\/index.php?rest_route=\/wp\/v2\/users\/1"}],"replies":[{"embeddable":true,"href":"http:\/\/wascon.pl\/index.php?rest_route=%2Fwp%2Fv2%2Fcomments&post=165"}],"version-history":[{"count":44,"href":"http:\/\/wascon.pl\/index.php?rest_route=\/wp\/v2\/pages\/165\/revisions"}],"predecessor-version":[{"id":578,"href":"http:\/\/wascon.pl\/index.php?rest_route=\/wp\/v2\/pages\/165\/revisions\/578"}],"wp:attachment":[{"href":"http:\/\/wascon.pl\/index.php?rest_route=%2Fwp%2Fv2%2Fmedia&parent=165"}],"curies":[{"name":"wp","href":"https:\/\/api.w.org\/{rel}","templated":true}]}}